t p be 0 - -2 - 0 - 0. Let d = 5 - p. Suppose 3*r - 6 = 0, 0 = -d*j - 2*r + r + 44. Calculate the remainder when j is divided by 5.
4
Let n(k) = -k + 6. What is the remainder when 35 is divided by n(-6)?
11
Suppose -2*j = -2*l - 52, -5*j - 23 = -2*l - 156. What is the remainder when 105 is divided by j?
24
Let l = 11 - 3. Suppose -5*u + 3*u + l = 0, -2*u - 40 = -4*d. What is the remainder when 23 is divided by d?
11
Let n = -1 - -22. Calculate the remainder when 61 is divided by n.
19
Let q(m) = -m**2 + 12*m + 18. What is the remainder when 25 is divided by q(13)?
0
Let t be (-756)/(-5) - (-2)/(-10). Suppose 4*d + 4*v - t + 31 = 0, d - 10 = 3*v. Calculate the remainder when d is divided by 9.
7
Suppose -4*f + 2 = n - 2, -f = 3*n - 34. Suppose -3*l - 3*o - 9 = 0, 5*l - l = 2*o - 30. What is the remainder when 1/(-3) + (-140)/l is divided by n?
11
Suppose 42*v + 614 = 3092. What is the remainder when v is divided by 4/14 - (-206)/14?
14
Let r(d) = 4*d**2 + 1. Let g(c) = 3*c - 3. Let b be g(5). Suppose -2*t + b = -0*t. Calculate the remainder when r(2) is divided by t.
5
Let r(w) = w**2 + 8*w - 9. Let n be r(-9). Suppose n*t + t - 7 = 0. Let h = -2 + t. Calculate the remainder when h is divided by 2.
1
Let a be (1 - 9)/((-10)/30). Suppose a = 4*x - 0. Calculate the remainder when 11 is divided by x.
5
What is the remainder when (-12)/(-9)*(1 + 2) is divided by 3?
1
Let m(f) = 0 + 8 - 2*f - 4 + 11*f. Let y(q) = 17*q + 7. Let s(r) = 7*m(r) - 4*y(r). What is the remainder when 19 is divided by s(-1)?
4
Suppose i + 2*l - 44 = 4*l, -5*i + 280 = 5*l. What is the remainder when i is divided by 18?
16
Let d(z) = -z**2 - 16*z + 14. Calculate the remainder when d(-14) is divided by 24.
18
Suppose 0*o - o - 4*u = -17, -4*u = 2*o - 34. Suppose 3*q - o = 58. Suppose 20 = 5*j - q. Calculate the remainder when 25 is divided by j.
7
Let m(p) = 5*p**2 + 3*p + 1. Let r be m(3). Let z = r - 24. What is the remainder when z is divided by 11?
9
Let m = -40 - -77. Let v = m - 21. Calculate the remainder when v is divided by 9.
7
Suppose 0*w + 2*w + 100 = 4*o, 4*w = -5*o + 125. Let c = -13 + o. What is the remainder when c is divided by 5?
2
Let h = 41 + -31. What is the remainder when 31 is divided by h?
1
Suppose 0 = -3*z + 9 - 0. Suppose d + 4*d = -3*f + 102, -z*d + 70 = 4*f. Calculate the remainder when (6/4 + -2)*-106 is divided by d.
17
Suppose -3*j + 28 = 4*l, 0 = -2*l - 0*j - 3*j + 14. What is the remainder when 48 is divided by l?
6
Suppose -4*k + 22 = -l, 3*l = 5*k + 7*l - 38. Calculate the remainder when k is divided by 2.
0
Let v = -68 + 76. Let g(j) = j**2 - 2*j - 2. Calculate the remainder when g(-4) is divided by v.
6
Suppose -m + 5*m - 8 = 0. Let g = m + -6. Let o = g + 8. Calculate the remainder when 6 is divided by o.
2
Suppose -37 = 7*r - 275. Let a(o) = o + 1. Let z be a(3). What is the remainder when r is divided by (2/z)/(2/48)?
10
Suppose 60*h = 55*h + 50. Let d = -24 + 62. What is the remainder when d is divided by h?
8
Let o = -1 + 12. Suppose 4*m + 2 = 14. What is the remainder when o is divided by m?
2
Let t(k) = -k**2 - 3*k + 3. Let c be t(-4). Calculate the remainder when 16 is divided by ((-18)/(1 + 2))/c.
4
Suppose 101 = 2*a - 79. Let u = a - 59. Calculate the remainder when u is divided by 8.
7
Suppose -43 = -4*x + 9. Suppose 0 = -0*k - 2*k. Suppose -5*g - 7 = -k*b - b, -2*g = 4*b - 28. Calculate the remainder when x is divided by b.
6
Suppose q - 2*w = w + 2, 3*w + 6 = 3*q. Suppose 0 = q*h + 3 - 11. What is the remainder when h is divided by 3?
1
Suppose -3*x + 45 = -5*t, 45 = 3*x + 5*t - 0. What is the remainder when 43 is divided by x?
13
Let d(p) = 5*p - 6. Let b be d(4). Let z = b - 3. What is the remainder when z is divided by 4?
3
Suppose 3*h = h - 2*g + 90, -3*g - 65 = -2*h. Let s(t) = -26*t**3 + 2*t - 1. Let l be s(1). What is the remainder when h is divided by ((-20)/l)/(2/35)?
12
Let t(c) = 2*c**2 + 6*c - 6. Calculate the remainder when (24/(-15))/((-1)/25) is divided by t(-5).
12
Suppose 2*j - 61 = 17. Calculate the remainder when j is divided by 14.
11
Calculate the remainder when 49 is divided by (3*(-2)/(-6))/(1/25).
24
Let w(d) = 8*d - 2. Let i be (4/12)/((-1)/(-9)). What is the remainder when w(i) is divided by (0 - -10) + (-2 - 0)?
6
Let j = 57 - 39. What is the remainder when 88 is divided by j?
16
Let a(o) = o + 11. Let b be a(-7). Suppose 0 = -2*n + 2, l - 4*n = b*l - 139. What is the remainder when l is divided by 16?
13
Suppose -9*q = -13*q. Suppose 4*g + 80 = 4*m, m + m - g - 41 = q. What is the remainder when 40 is divided by m?
19
Let l(d) = 7*d**3 - 3*d**2 + 4*d - 7. What is the remainder when l(3) is divided by 34?
31
Let c(t) = t**3 - t**2 + t + 3. Let s(j) = j**2 - 13*j + 15. Let g be s(12). What is the remainder when c(4) is divided by 395/20 - g/4?
17
Suppose 0 = m - 5*r + 18, m - 3*m + 2*r = 4. Suppose m*q = 2*b + b - 16, -5*b + 5*q + 20 = 0. What is the remainder when b is divided by 5?
3
Suppose 16 = 2*o + 2*o. Suppose -o*m - 16 = -2*g, -4*g + 17 = -m - 22. What is the remainder when 38 is divided by g?
8
Suppose 2*t - 34 = -y, -2*t + 5*y = -3*t + 35. Calculate the remainder when 117 is divided by t.
12
Suppose 0 = 4*u + 3*s - 203, -3*u - 4*s + 153 = -2*s. Calculate the remainder when u is divided by 6.
5
Calculate the remainder when 2/9 + 178/9 is divided by ((-2 - -1)/3)/((-7)/147).
6
Let q be 0/(-1 + -2) + 10. Let c = 26 - q. Calculate the remainder when 29 is divided by c.
13
Let b(a) be the first derivative of -3*a**2 + a - 4. Calculate the remainder when b(-5) is divided by 11.
9
Let q(x) = -x**2 - 2*x + 1. Let n(z) = -3*z**2 - 5*z + 3. Let r(w) = -2*n(w) + 5*q(w). What is the remainder when 8 is divided by r(2)?
2
Let n(z) = 4*z + 5. What is the remainder when 38 is divided by n(2)?
12
Suppose -3*o + 349 + 40 = 2*l, -2*l - 135 = -o. Calculate the remainder when o is divided by 44.
43
Suppose 0 = 5*f - 3*q - 166, -5*q - 66 - 72 = -4*f. What is the remainder when f is divided by 10?
2
Let t(y) = -y**2 + 3*y + 16. Let g be t(7). Let p = -36 - -64. Let o = p + g. Calculate the remainder when 30 is divided by o.
14
Let w be 0 - -1 - (4 + -6). Suppose -w*i + 9 = 0, -4*i = -4*r - 0*i - 40. What is the remainder when (-2)/r + (-393)/(-21) is divided by 10?
9
Let y = 5 + -5. Let z = y + -4. What is the remainder when (5/(-2))/(z/32) is divided by 7?
6
What is the remainder when ((-1305)/10)/9*-4 is divided by 12?
10
Let y(u) = 2*u - 4. Calculate the remainder when y(3) is divided by 2.
0
Suppose d - 2*z - 4 = 6, -25 = -3*d + 5*z. Suppose -5*w + 49 = 4*v, 2*v + d*w - 22 = -2*w. Let a(y) = -y + 8. What is the remainder when 3 is divided by a(v)?
1
Suppose -f - 32 = -4*n - 0*f, f = 4. Let p = n - 4. Calculate the remainder when 1/3 + (-76)/(-6) is divided by p.
3
Suppose -g - v = -0*g - 59, v = 2. What is the remainder when g is divided by 29?
28
Suppose -4 - 2 = -3*h. Let q(j) = 2*j**3 - 3*j**2 + 1. Let m be q(h). Suppose -189 = -m*r - 74. Calculate the remainder when r is divided by 13.
10
Let u = 211 + -139. Suppose 104 = 4*h + i, 2*h - 8 = 5*i + 22. Calculate the remainder when u is divided by h.
22
Let t(x) = 10*x**2 + 2*x - 2. Let h(f) = 2*f**2 - 3*f. Let y be h(2). Calculate the remainder when t(y) is divided by 22.
20
Suppose -36 = -3*p + 3*d, -2*p + 3*d = 2*p - 51. Suppose 43 = 3*f + 31. What is the remainder when p is divided by f?
3
Suppose 3*j = -w + 15 + 2, -5*w = j - 29. Suppose w*y - 102 = -0*u - 3*u, 3*u = -3*y + 102. What is the remainder when u is divided by 12?
10
Let i(c) = c**3 - 5*c**2 - 4*c. What is the remainder when 14 is divided by i(6)?
2
Suppose -2*y + 8 = -6*y, 2*y + 12 = t. Let k(o) = -o**2 + 14*o - 37. Let z be k(10). What is the remainder when (t/(-6))/((-1)/z) is divided by 2?
0
Let i(q) = q + 9. Let s be i(-7). What is the remainder when (3/(-4))/(s/(-48)) is divided by 4?
2
Let s(q) = -q**2 + 20*q - 59. What is the remainder when 58 is divided by s(15)?
10
Suppose -5*z - 195 = 5*i, -3*i - 2*i - 189 = 2*z. Let p = -19 - i. Calculate the remainder when p is divided by 5.
3
Suppose -4*s - 5*a + 2*a = -105, -4*s + 115 = a. Suppose 22 = 4*b - s. What is the remainder when (-180)/(-5)*(-6)/(-9) is divided by b?
11
Suppose 2*p - 9 - 117 = 0. Calculate the remainder when p is 